{"id":6,"date":"2008-04-30T12:12:57","date_gmt":"2008-04-30T10:12:57","guid":{"rendered":"http:\/\/localhost\/wordpress\/?page_id=6"},"modified":"2008-06-16T16:22:18","modified_gmt":"2008-06-16T21:22:18","slug":"cine","status":"publish","type":"page","link":"https:\/\/www.villaescusadeharo.com\/kyezitri\/?page_id=6","title":{"rendered":"Cine"},"content":{"rendered":"<p><script type=\"text\/javascript\">\nvar gaJsHost = ((\"https:\" == document.location.protocol) ? \"https:\/\/ssl.\" : \"http:\/\/www.\");\ndocument.write(unescape(\"%3Cscript src='\" + gaJsHost + \"google-analytics.com\/ga.js' type='text\/javascript'%3E%3C\/script%3E\"));\n<\/script><br \/>\n<script type=\"text\/javascript\">\nvar pageTracker = _gat._getTracker(\"UA-4326833-1\");\npageTracker._initData();\npageTracker._trackPageview();\n<\/script><\/p>\n<p id=\"post-meta-data\">En esta p\u00e1gina se encuentran las cr\u00edticas y comentarios de algunas pel\u00edculas escritas con may\u00fasculas en la Historia del Cine. En este peque\u00f1o espacio intentar\u00e1n convivir en armon\u00eda algunos personajes fundamentales en la disecci\u00f3n del alma humana, desde HAL 9000 hasta Vito Corleone. <br \/><strong>\u00daltima actualizaci\u00f3n: 16-Junio-2008<\/strong>.<\/p>\n<table width=\"100%\" border=\"0\" align=\"justify\">\n<tr>\n<td align=\"center\">\n<a href=\"cine\/ciudadano_kane.pdf\"><img decoding=\"async\" src=\"cine\/ciudadano_kane.jpg\" width=\"80\"><\/a>\n<\/td>\n<td width=\"1\">&nbsp;<\/td>\n<td><strong><a href=\"cine\/ciudadano_kane.pdf\">Ciudadano Kane<\/a><\/strong><br \/><em>Orson Welles :: 1940 :: Con Orson Welles<\/em><br \/>La soledad de la arrogancia y la ambici\u00f3n. Dicen que es la mejor pel\u00edcula de la Historia del Cine.\n<\/td>\n<\/tr>\n<tr>\n<td>&nbsp;<\/td>\n<\/tr>\n<tr>\n<td align=\"center\">\n<a href=\"cine\/septimo_sello.pdf\"><img decoding=\"async\" src=\"cine\/septimo_sello.jpg\" width=\"80\"><\/a>\n<\/td>\n<td width=\"1\">&nbsp;<\/td>\n<td><strong><a href=\"cine\/septimo_sello.pdf\">El S\u00e9ptimo Sello<\/a><\/strong><br \/><em>Ingmar Bergman :: 1957 :: Con Max Von Sydow<\/em><br \/>El S\u00e9ptimo Sello constituye una alegor\u00eda sobre la certidumbre de la muerte y la b\u00fasqueda de la fe humana en tiempos dif\u00edciles rodada por el genial director sueco Ingmar Bergman.\n<\/td>\n<\/tr>\n<tr>\n<td>&nbsp;<\/td>\n<\/tr>\n<tr>\n<td align=\"center\">\n<a href=\"cine\/2001.pdf\"><img decoding=\"async\" src=\"cine\/2001.jpg\" width=\"80\"><\/a>\n<\/td>\n<td width=\"1\">&nbsp;<\/td>\n<td><strong><a href=\"cine\/2001.pdf\">2001: una odisea en el espacio<\/a><\/strong><br \/><em>Stanley Kubrick :: 1968 :: Con HAL 9000<\/em><br \/>En 1968, mientras los j\u00f3venes buscaban arena de playa bajo los adoquines de Par\u00eds y la carrera espacial llegaba a su cenit, Stanley Kubrick present\u00f3 ante el mundo una obra de arte que se hace llamar <em>2001: una odisea en el espacio<\/em>.\n<\/td>\n<\/tr>\n<tr>\n<td>&nbsp;<\/td>\n<\/tr>\n<tr>\n<td align=\"center\">\n<a href=\"cine\/naranja_mecanica.pdf\"><img decoding=\"async\" src=\"cine\/naranja_mecanica.jpg\" width=\"80\"><\/a>\n<\/td>\n<td width=\"1\">&nbsp;<\/td>\n<td><strong><a href=\"cine\/naranja_mecanica.pdf\">La Naranja Mec\u00e1nica<\/a><\/strong><br \/><em>Stanley Kubrick :: 1971 :: Con Malcolm McDowell<\/em><br \/>Kubrick mostr\u00f3 que La Naranja Mec\u00e1nica puede dar su jugo si la exprimes con maestr\u00eda intentando educar a un gamberro adolescente.\n<\/td>\n<\/tr>\n<tr>\n<td>&nbsp;<\/td>\n<\/tr>\n<tr>\n<td align=\"center\">\n<a href=\"cine\/ultimo_tango.pdf\"><img decoding=\"async\" src=\"cine\/ultimo_tango.jpg\" width=\"80\"><\/a>\n<\/td>\n<td width=\"1\">&nbsp;<\/td>\n<td><strong><a href=\"cine\/ultimo_tango.pdf\">El \u00faltimo tango en Par\u00eds<\/a><\/strong><br \/><em>Emilio Bertolucci :: 1972 :: Con Marlon Brando y Maria Schneider<\/em><br \/>Cuando el sexo mata y los amores mueren. Un piso abandonado en Par\u00eds en el que se regala desesperaci\u00f3n a cambio de un lugar en el mundo.\n<\/td>\n<\/tr>\n<tr>\n<td>&nbsp;<\/td>\n<\/tr>\n<tr>\n<td align=\"center\">\n<a href=\"cine\/taxi_driver.pdf\"><img decoding=\"async\" src=\"cine\/taxi_driver.jpg\" width=\"80\"><\/a>\n<\/td>\n<td width=\"1\">&nbsp;<\/td>\n<td><strong><a href=\"cine\/taxi_driver.pdf\">Taxi Driver<\/a><\/strong><br \/><em>Martin Scorsese :: 1976 :: Con Robert de Niro y Jodie Foster<\/em><br \/>Cuando un ex-combatiente en Vietnam intenta limpiar la noche neoyorquina de escoria. Una historia triste y desgarrada, pesimista y cruel.\n<\/td>\n<\/tr>\n<tr>\n<td>&nbsp;<\/td>\n<\/tr>\n<tr>\n<td align=\"center\">\n<a href=\"cine\/toro_salvaje.pdf\"><img decoding=\"async\" src=\"cine\/toro_salvaje.jpg\" width=\"80\"><\/a>\n<\/td>\n<td width=\"1\">&nbsp;<\/td>\n<td><strong><a href=\"cine\/toro_salvaje.pdf\">Toro Salvaje<\/a><\/strong><br \/><em>Martin Scorsese :: 1980 :: Con Robert de Niro<\/em><br \/>Toro Salvaje narra la \u00e9poca de gloria y la posterior ca\u00edda del controvertido boxeador Jake LaMotta con la intenci\u00f3n de buscar las principales razones de su vertical ocaso.\n<\/td>\n<\/tr>\n<tr>\n<td>&nbsp;<\/td>\n<\/tr>\n<tr>\n<td align=\"center\">\n<a href=\"cine\/leolo.pdf\"><img decoding=\"async\" src=\"cine\/leolo.jpg\" width=\"80\"><\/a>\n<\/td>\n<td width=\"1\">&nbsp;<\/td>\n<td><strong><a href=\"cine\/leolo.pdf\">L\u00e9olo<\/a><\/strong><br \/><em>Jean Claude Lauzon :: 1992 :: Con sue\u00f1os y demencias<\/em><br \/>La infancia de Leo Lauzon, un ni\u00f1o que quiso ser feliz jugando a escribir y a so\u00f1ar para huir de la desesperada realidad que lo rodeaba sin medir el alcance de su imaginaci\u00f3n.\n<\/td>\n<\/tr>\n<\/table>\n","protected":false},"excerpt":{"rendered":"<p>En esta p\u00e1gina se encuentran las cr\u00edticas y comentarios de algunas pel\u00edculas escritas con may\u00fasculas en la Historia del Cine. En este peque\u00f1o espacio intentar\u00e1n convivir en armon\u00eda algunos personajes fundamentales en la disecci\u00f3n del alma humana, desde HAL 9000 hasta Vito Corleone. \u00daltima actualizaci\u00f3n: 16-Junio-2008. &nbsp; Ciudadano KaneOrson Welles :: 1940 :: Con Orson &hellip; <a href=\"https:\/\/www.villaescusadeharo.com\/kyezitri\/?page_id=6\" class=\"more-link\">Continuar leyendo<span class=\"screen-reader-text\"> \u00abCine\u00bb<\/span><\/a><\/p>\n","protected":false},"author":1,"featured_media":0,"parent":0,"menu_order":0,"comment_status":"open","ping_status":"open","template":"","meta":{"footnotes":""},"class_list":["post-6","page","type-page","status-publish","hentry"],"yoast_head":"<!-- This site is optimized with the Yoast SEO plugin v21.5 - https:\/\/yoast.com\/wordpress\/plugins\/seo\/ -->\n<title>Cine - kyezitri.es<\/title>\n<meta name=\"robots\" content=\"index, follow, max-snippet:-1, max-image-preview:large, max-video-preview:-1\" \/>\n<link rel=\"canonical\" href=\"https:\/\/www.villaescusadeharo.com\/kyezitri\/?page_id=6\" \/>\n<meta property=\"og:locale\" content=\"es_ES\" \/>\n<meta property=\"og:type\" content=\"article\" \/>\n<meta property=\"og:title\" content=\"Cine - kyezitri.es\" \/>\n<meta property=\"og:description\" content=\"En esta p\u00e1gina se encuentran las cr\u00edticas y comentarios de algunas pel\u00edculas escritas con may\u00fasculas en la Historia del Cine. En este peque\u00f1o espacio intentar\u00e1n convivir en armon\u00eda algunos personajes fundamentales en la disecci\u00f3n del alma humana, desde HAL 9000 hasta Vito Corleone. \u00daltima actualizaci\u00f3n: 16-Junio-2008. &nbsp; Ciudadano KaneOrson Welles :: 1940 :: Con Orson &hellip; Continuar leyendo &quot;Cine&quot;\" \/>\n<meta property=\"og:url\" content=\"https:\/\/www.villaescusadeharo.com\/kyezitri\/?page_id=6\" \/>\n<meta property=\"og:site_name\" content=\"kyezitri.es\" \/>\n<meta property=\"article:modified_time\" content=\"2008-06-16T21:22:18+00:00\" \/>\n<meta name=\"twitter:card\" content=\"summary_large_image\" \/>\n<meta name=\"twitter:label1\" content=\"Tiempo de lectura\" \/>\n\t<meta name=\"twitter:data1\" content=\"2 minutos\" \/>\n<script type=\"application\/ld+json\" class=\"yoast-schema-graph\">{\"@context\":\"https:\/\/schema.org\",\"@graph\":[{\"@type\":\"WebPage\",\"@id\":\"https:\/\/www.villaescusadeharo.com\/kyezitri\/?page_id=6\",\"url\":\"https:\/\/www.villaescusadeharo.com\/kyezitri\/?page_id=6\",\"name\":\"Cine - kyezitri.es\",\"isPartOf\":{\"@id\":\"https:\/\/www.villaescusadeharo.com\/kyezitri\/#website\"},\"datePublished\":\"2008-04-30T10:12:57+00:00\",\"dateModified\":\"2008-06-16T21:22:18+00:00\",\"breadcrumb\":{\"@id\":\"https:\/\/www.villaescusadeharo.com\/kyezitri\/?page_id=6#breadcrumb\"},\"inLanguage\":\"es\",\"potentialAction\":[{\"@type\":\"ReadAction\",\"target\":[\"https:\/\/www.villaescusadeharo.com\/kyezitri\/?page_id=6\"]}]},{\"@type\":\"BreadcrumbList\",\"@id\":\"https:\/\/www.villaescusadeharo.com\/kyezitri\/?page_id=6#breadcrumb\",\"itemListElement\":[{\"@type\":\"ListItem\",\"position\":1,\"name\":\"Portada\",\"item\":\"https:\/\/www.villaescusadeharo.com\/kyezitri\"},{\"@type\":\"ListItem\",\"position\":2,\"name\":\"Cine\"}]},{\"@type\":\"WebSite\",\"@id\":\"https:\/\/www.villaescusadeharo.com\/kyezitri\/#website\",\"url\":\"https:\/\/www.villaescusadeharo.com\/kyezitri\/\",\"name\":\"kyezitri.es\",\"description\":\"the half truth in the lie\",\"potentialAction\":[{\"@type\":\"SearchAction\",\"target\":{\"@type\":\"EntryPoint\",\"urlTemplate\":\"https:\/\/www.villaescusadeharo.com\/kyezitri\/?s={search_term_string}\"},\"query-input\":\"required name=search_term_string\"}],\"inLanguage\":\"es\"}]}<\/script>\n<!-- \/ Yoast SEO plugin. -->","yoast_head_json":{"title":"Cine - kyezitri.es","robots":{"index":"index","follow":"follow","max-snippet":"max-snippet:-1","max-image-preview":"max-image-preview:large","max-video-preview":"max-video-preview:-1"},"canonical":"https:\/\/www.villaescusadeharo.com\/kyezitri\/?page_id=6","og_locale":"es_ES","og_type":"article","og_title":"Cine - kyezitri.es","og_description":"En esta p\u00e1gina se encuentran las cr\u00edticas y comentarios de algunas pel\u00edculas escritas con may\u00fasculas en la Historia del Cine. En este peque\u00f1o espacio intentar\u00e1n convivir en armon\u00eda algunos personajes fundamentales en la disecci\u00f3n del alma humana, desde HAL 9000 hasta Vito Corleone. \u00daltima actualizaci\u00f3n: 16-Junio-2008. &nbsp; Ciudadano KaneOrson Welles :: 1940 :: Con Orson &hellip; Continuar leyendo \"Cine\"","og_url":"https:\/\/www.villaescusadeharo.com\/kyezitri\/?page_id=6","og_site_name":"kyezitri.es","article_modified_time":"2008-06-16T21:22:18+00:00","twitter_card":"summary_large_image","twitter_misc":{"Tiempo de lectura":"2 minutos"},"schema":{"@context":"https:\/\/schema.org","@graph":[{"@type":"WebPage","@id":"https:\/\/www.villaescusadeharo.com\/kyezitri\/?page_id=6","url":"https:\/\/www.villaescusadeharo.com\/kyezitri\/?page_id=6","name":"Cine - kyezitri.es","isPartOf":{"@id":"https:\/\/www.villaescusadeharo.com\/kyezitri\/#website"},"datePublished":"2008-04-30T10:12:57+00:00","dateModified":"2008-06-16T21:22:18+00:00","breadcrumb":{"@id":"https:\/\/www.villaescusadeharo.com\/kyezitri\/?page_id=6#breadcrumb"},"inLanguage":"es","potentialAction":[{"@type":"ReadAction","target":["https:\/\/www.villaescusadeharo.com\/kyezitri\/?page_id=6"]}]},{"@type":"BreadcrumbList","@id":"https:\/\/www.villaescusadeharo.com\/kyezitri\/?page_id=6#breadcrumb","itemListElement":[{"@type":"ListItem","position":1,"name":"Portada","item":"https:\/\/www.villaescusadeharo.com\/kyezitri"},{"@type":"ListItem","position":2,"name":"Cine"}]},{"@type":"WebSite","@id":"https:\/\/www.villaescusadeharo.com\/kyezitri\/#website","url":"https:\/\/www.villaescusadeharo.com\/kyezitri\/","name":"kyezitri.es","description":"the half truth in the lie","potentialAction":[{"@type":"SearchAction","target":{"@type":"EntryPoint","urlTemplate":"https:\/\/www.villaescusadeharo.com\/kyezitri\/?s={search_term_string}"},"query-input":"required name=search_term_string"}],"inLanguage":"es"}]}},"jetpack_sharing_enabled":true,"_links":{"self":[{"href":"https:\/\/www.villaescusadeharo.com\/kyezitri\/index.php?rest_route=\/wp\/v2\/pages\/6","targetHints":{"allow":["GET"]}}],"collection":[{"href":"https:\/\/www.villaescusadeharo.com\/kyezitri\/index.php?rest_route=\/wp\/v2\/pages"}],"about":[{"href":"https:\/\/www.villaescusadeharo.com\/kyezitri\/index.php?rest_route=\/wp\/v2\/types\/page"}],"author":[{"embeddable":true,"href":"https:\/\/www.villaescusadeharo.com\/kyezitri\/index.php?rest_route=\/wp\/v2\/users\/1"}],"replies":[{"embeddable":true,"href":"https:\/\/www.villaescusadeharo.com\/kyezitri\/index.php?rest_route=%2Fwp%2Fv2%2Fcomments&post=6"}],"version-history":[{"count":0,"href":"https:\/\/www.villaescusadeharo.com\/kyezitri\/index.php?rest_route=\/wp\/v2\/pages\/6\/revisions"}],"wp:attachment":[{"href":"https:\/\/www.villaescusadeharo.com\/kyezitri\/index.php?rest_route=%2Fwp%2Fv2%2Fmedia&parent=6"}],"curies":[{"name":"wp","href":"https:\/\/api.w.org\/{rel}","templated":true}]}}